.
2, 5, 7, 61
Let z(k) = -1397*k**3 - 10*k**2 - 28*k - 25. List the prime factors of z(-3).
2, 7, 673
Let n(x) = -x**2 - 8*x - 26. Let j be n(9). Let v = j - -875. List the prime factors of v.
2, 3, 29
Let w = 50 - 53. Let c(v) = 7*v + 5. Let m be c(w). List the prime factors of 30/m*-14*4.
3, 5, 7
Let c = 38514 - 17769. List the prime factors of c.
3, 5, 461
Let k = -7228 + 7246. Suppose 2*f + 3916 = 3*c - 2*f, 2 = f. Suppose k*t = c + 906. List the prime factors of t.
3, 41
Let q(b) = 5*b**2 - 3*b + 4. Let z be q(3). Suppose 66*n - 71*n + z = 0. Suppose -11*h + n*h + 231 = 0. List the prime factors of h.
7, 11
Suppose -40*p = 11*p - 25*p - 241488. What are the prime factors of p?
2, 3, 43
Let p = 330 + -326. Suppose -g + 1293 = -0*g. List the prime factors of g/33 + p/(-22).
3, 13
Let m = 13764 + -7756. List the prime factors of m.
2, 751
Let i(y) be the third derivative of 5*y**4/24 + 7*y**3/6 - 3*y**2. Let o be i(-2). List the prime factors of 2/2*o + 117.
2, 3, 19
Let t = 10 - 28. Let s be (15/t)/((-1)/30). Let d = s + 26. What are the prime factors of d?
3, 17
Let o(f) = -2*f + 5. Let n be o(-1). Suppose 2*q + 26 = 4*a, -4*q - n = 2*a - a. List the prime factors of (-376)/q - (-4 + 50/15).
2, 3, 7
Let r(o) be the first derivative of o**4/4 + 5*o**3/3 + 5*o + 20. What are the prime factors of r(4)?
149
Suppose -1583 = -5*c + 2357. Suppose -248 = -2*p + c. What are the prime factors of p?
2, 7, 37
Let s(p) = 123*p - 6. Suppose 13 = -2*u + 5*y, -3*u + 2*y + 6 = 3*y. What are the prime factors of s(u)?
3, 13
Let x(n) = 7*n**2 + 5*n + 35. Let a be x(16). Suppose 0 = 4*h - 5*w - 1153, 5*h + 4*w = -517 + a. List the prime factors of h.
2, 3, 47
Suppose -2*t = 2*q - 3554, 0*q + 4*q + 2*t = 7108. Suppose 0 = 2*p - 4*z - 1575 - q, 4*p - 4*z - 6724 = 0. What are the prime factors of p?
2, 3, 281
Let g = -166 - -427. Suppose -4*c - g = 115. What are the prime factors of c/(-5) + (-11)/(-55)?
19
Suppose 4*x = -3*a + 12303 - 1120205, -3*x + 738573 = -2*a. List the prime factors of a/(-427) + (-6)/7.
2, 3
Let k be (-2)/(-8) + 26/(-8). Let o be k + 0 + -1 + 141. Suppose -2*g - 3*f = -73, 0 = 5*g + 5*f - o - 48. List the prime factors of g.
2, 19
Let n = -85322 + 145351. What are the prime factors of n?
60029
Suppose -5*m + 4035 = 5*h, 4*m + 2628 - 221 = 3*h. What are the prime factors of h?
5, 7, 23
Let s = -15449 + 16679. What are the prime factors of s?
2, 3, 5, 41
Suppose -4*r - 4*f = -6442 - 12086, 0 = -r - 4*f + 4647. List the prime factors of r.
7, 661
Suppose -2*j - 4*b + 236 = 0, b + 24 = j - 79. Let x = -102 + j. What are the prime factors of ((-26)/x)/(-13)*807/1?
269
Let y(h) = 128*h - 59. Let v be y(14). Suppose 3*b = -2*m + 3818, -4*b + v = -5*m - 3350. List the prime factors of b.
2, 3, 53
Let l(p) = -1. Let z(y) = -y**3 + 9*y**2 + 17*y - 36. Let r(t) = 6*l(t) - z(t). Let u = -22 - -33. What are the prime factors of r(u)?
5, 17
Let m = -620 - -612. List the prime factors of ((-2838)/(-12) + -4)*(-16)/m.
3, 5, 31
Suppose -45 + 37 = -2*k. Suppose -2*z + 1564 = k*o + 78, -3*o + 1489 = 2*z. What are the prime factors of z?
7, 107
What are the prime factors of ((176/12)/22)/(8/53412)?
4451
Let o(c) = -4*c**2 + c**3 - 1 + 15*c + 18*c - 29*c. List the prime factors of o(4).
3, 5
Let g(m) be the third derivative of -m**4/12 + 19*m**3/6 + 2*m**2. Let c = 467 + -482. List the prime factors of g(c).
7
Let k(p) = p + 3. Let u = -98 - -104. Let g be k(u). List the prime factors of 2/(-6) + 1650/g.
3, 61
Let w = 80 - 35. Suppose 43*d = w*d - 304. List the prime factors of d.
2, 19
Suppose -12341 = -5*w + 7034. What are the prime factors of w?
5, 31
Let y(u) = -112*u + 241. Let m be y(-16). Suppose -4*d + m = -4*g - 1015, -3*d = -g - 2288. List the prime factors of d.
7, 109
Let g(v) = -v**2 - 53*v - 69. Let j be g(-42). Let w = j + 106. What are the prime factors of w?
499
Suppose -3*i + 2538 = -9*i. Let a = i + 503. What are the prime factors of a?
2, 5
Let t be (84/20 + -3)*5. Suppose 20 = -t*k + 11*k. What are the prime factors of 4 - (-83 + (-12)/k)?
2, 3, 5
Let a = -4857 + 7184. List the prime factors of a.
13, 179
What are the prime factors of ((-45)/495)/(1/(-348227))?
31657
Suppose 5*i + 610 = 2010. Let t = i + -41. What are the prime factors of t?
239
Suppose 0 = 346*w - 313*w - 104643. List the prime factors of w.
3, 7, 151
Suppose 26853 = 4*i - c, -26*i + 24*i = 3*c - 13437. What are the prime factors of i?
2, 3, 373
Suppose -2*g + 11 = g + 4*s, -g = -s + 8. What are the prime factors of (-163)/(((-6)/(-2))/g)?
163
Suppose -3*w + r = 2*r - 25, 2*r + 22 = 3*w. Let n(f) = -2*f + w + 6*f - 10*f**2 + f**3 + 5*f. List the prime factors of n(10).
2, 7
Let l(j) = 13*j**2 - 14*j + 22 - 21 + 8*j. List the prime factors of l(3).
2, 5
Suppose 4*t - 18 = -5*v, -4*v = -5*t - v + 4. Let w be 6/3*t/4 - 2. Let p(l) = -83*l - 1. What are the prime factors of p(w)?
2, 41
Suppose 9*a - 36 = -9. Suppose a*c - 2*h = 509, -794 = -3*c + 3*h - 284. Suppose -41 = -5*u + c. What are the prime factors of u?
2, 3, 7
Let r(x) = -x**3 + 24*x**2 - 21*x - 45. Let k be r(23). What are the prime factors of 2 + (k - (-934 - -4))?
3, 311
Let o = -1422 + 2692. Let g = -837 + o. List the prime factors of g.
433
Let l(k) be the first derivative of -k**4/4 + 11*k**3/3 + 2*k**2 - 8*k + 9. Let z be l(6). Let d = z - 118. List the prime factors of d.
2, 3, 13
Suppose -2*a + 31*s = 27*s - 25636, -5*s = 3*a - 38432. List the prime factors of a.
2, 43, 149
Suppose -3*l = -x - 577, 5*l = -2*x + l - 1144. Let m = 810 - x. What are the prime factors of m?
2, 173
Let v be 6/8*48/(-2). Suppose 3*w - 38 = -4*y, -4*w + 42 = -5*y + 43. List the prime factors of (-14)/((-2)/w + (-2)/v).
3, 7
Let v(w) be the third derivative of w**4 - 4*w**3/3 + 5*w**2. Suppose -11 + 13 = t. List the prime factors of v(t).
2, 5
Let c be 2/3*(-5 - 203/2). Let u = c - -63. What are the prime factors of ((-58)/39 + u/(-52))*-72?
2, 3
Let b be (-3 + 762)*4/6. Suppose b = 50*q - 48*q. What are the prime factors of q?
11, 23
Let z = -48 + 130. Suppose 0 = -5*r + 6*q - 3*q + 730, 5*r - q - 740 = 0. Suppose 0 = 4*o - 5*i - r, 2*o - 4*i - z = -0*o. List the prime factors of o.
31
Let i(m) = 29*m + 65. Let v be i(-2). List the prime factors of (-5963)/(-8) + (-236)/32 + v.
5, 149
Let x(d) = -8*d - 3*d**2 + 3*d + 19 + 5*d**2 - d**3. Let a(r) = r**2 - r + 1. Let i(k) = -6*a(k) + x(k). What are the prime factors of i(-7)?
3, 17
Suppose j - 4*w - 38119 = 0, 0 = 3*j + w - 109881 - 4580. What are the prime factors of j?
3, 157
Let w = 5720 - -13635. List the prime factors of w.
5, 7, 79
Let o be -28 + -3 + 0 + 1. Suppose 22*a + 4 = 18*a. What are the prime factors of -1*(0 - a) - o?
29
Let f be -5*(6 + -5) - -2. What are the prime factors of 4 + 2*f + (-224)/(-2)?
2, 5, 11
Suppose 48*g = 19*g + 430476. What are the prime factors of g?
2, 3, 1237
Let c(w) = 9341*w**3 + 5*w**2 + 37*w - 41. What are the prime factors of c(1)?
2, 3, 173
Let a(r) = 4*r**2 - 29*r - 18. Let m be a(8). Suppose -370 = m*p - 1678. What are the prime factors of p?
2, 109
Suppose -6*i = -9*i - 2*t + 15332, t = 4*i - 20450. List the prime factors of i.
2, 3, 71
Let t(p) = 8371*p**2 - 316*p + 635. List the prime factors of t(2).
33487
Let x be (-6)/(-8)*(-288)/(-108). Suppose 4*d - 5*d + 626 = -x*m, m = 0. What are the prime factors of d?
2, 313
Let b = -46 - -80. Let q = b + -31. Suppose 0 = 3*l + q*g - 120, l - 32 = -3*g + 12. What are the prime factors of l?
2, 19
Suppose 0 = -3*n - 5*p + 5232, 6*n = 7*n - 4*p - 1727. List the prime factors of n.
37, 47
Let g = -8 - -36. Let v be 7/28*g + (-3 - 1). Suppose -u = -0*h + 3*h - 343, -v*u + 454 = 4*h. List the prime factors of h.
5, 23
Suppose -25*p = -20*p - 2*z - 57071, p = -3*z + 11421. What are the prime factors of p?
3, 5, 761
Suppose 9*q - 18 = 3*q. Suppose -5*k + 0 = -10. Suppose -k*c + q*i = -85, -2*c - 35 = -3*c - i. List the prime factors of c.
2, 19
List the prime factors of (((-24180)/(-8))/(-5))/(183/(-13786)).
13, 31, 113
Let s be -37 - (1 + (6 - 6/2)). Let x be 666/15 + (-2)/5. Let k = x + s. List the prime factors of k.
3
Let k = 55 + -58. Let b be 6024/9 - (k - 40/(-12)). Suppose 2*n + 199 - b = 0. List the prime factors of n.
5, 47
Let n = 336 + -118. Let a = n + -60. What are the prime fa